-4*w + 0*w - 4*m + 8 = 0, -4*w + a = 3*m. Suppose 3*j = w*j - 267. Is j composite?
False
Suppose -3*c - 8*c - 11242 = 0. Let g = c - -12521. Is g a prime number?
False
Let n(d) = -8*d + 63*d**3 - 6 + 1 + 7*d**2 - 3 - 3*d**3. Let s be n(-6). Is (-3)/(180/s) - (-2)/(-15) prime?
True
Is -2*2 - ((-2)/(-4))/(95/(-1857630)) a prime number?
False
Let k(f) = -1326*f - 6. Let a be k(-1). Let t = a + -638. Suppose 1673 - t = r. Is r a composite number?
False
Let s be (-2)/7 - 0 - 46/(-161). Suppose 2*r - x - 896 = s, -2*r - r - x + 1349 = 0. Is r prime?
True
Let s(n) = -15*n. Let t be s(0). Suppose g - 3589 - 24520 = t. Is g composite?
False
Suppose 4*l - 8*l = 27*l - 835171. Is l a prime number?
False
Suppose -l = x - 97, 291 = 3*l + x - 0*x. Let y = -94 + l. Is (y + 0)/(3/1009) a composite number?
False
Is (3/(-18))/((-34)/18052572) composite?
False
Let s = 3179 + -9889. Let o = s - -11907. Is o a composite number?
False
Suppose -43*p = -48*p - 4405. Let q = p - -1262. Is q a prime number?
False
Let z(r) = 593*r + 719. Let d be z(0). Let w(a) = 66*a**2 - 2*a. Let g be w(-6). Let p = g - d. Is p prime?
True
Let i(j) be the first derivative of -17*j**4/2 + 2*j**3/3 + 6*j**2 + 14*j - 454. Let m = -1 - 2. Is i(m) a prime number?
False
Suppose 7*a - 8369 = -3301. Let g = 1212 - a. Is (-1 + g)*(6 - (0 - -1)) a composite number?
True
Suppose 4*h - 722 + 22 = 0. Is 5/(h/(-10)) + (-20634)/(-42) a composite number?
False
Let f be (7 - (4 - -2))/((-3)/(-45)). Is 38687/f + 100/(-750) a composite number?
False
Let j(q) be the first derivative of q**3/3 - 3*q**2 - 7. Let r be j(4). Is 586*(-3 - 28/r) composite?
False
Is 2514/18 - 56/84 prime?
True
Let w = -20 - -24. Suppose -w*u - r - 759 = 0, -u - 3*r + r - 195 = 0. Let o = 118 - u. Is o prime?
True
Suppose 3*d = 17 - 8. Let u(j) = 178*j**2 - 26*j + 115. Let q be u(4). Suppose -3*s = -3*h - 2635 - 224, -h + q = d*s. Is s a prime number?
True
Suppose -11*n + 332828 - 227881 = -888012. Is n a composite number?
True
Let q = 22 + -16. Suppose 2*n = q + 4. Suppose n*j = 9*j - 596. Is j prime?
True
Let b(n) = -n**2 + 8*n - 6. Let k be b(7). Suppose -257*l = -253*l + 24. Is 0 + 2*k/(l/(-237)) a composite number?
False
Let z = -4439 - -320. Let a = z + 6941. Suppose -4*d + 5*n + a = 0, 3*n - 2*n - 3513 = -5*d. Is d composite?
True
Is (6 + (17 - 31590))*(-1 + 0) prime?
True
Is (-25)/(75/6) - -39649 prime?
False
Suppose -20*k - 5137145 + 16454098 = 11*k. Is k composite?
False
Let s(b) be the third derivative of b**5/10 - b**4/2 - 7*b**3/6 + 71*b**2. Suppose -4*d - 5 = -3*d. Is s(d) prime?
False
Let z(s) be the third derivative of s**6/60 - s**5/30 - 9*s**4/8 + 2*s**3/3 + 2*s**2 - 21. Suppose -30 = -3*w - b, -4*b + 14 = 4*w - 18. Is z(w) prime?
False
Let x = 11 - 5. Let z = 178 - 184. Is (-2810)/z - (-4)/x prime?
False
Suppose -2*i = -14, 4*i = -120*x + 117*x + 295783. Is x a prime number?
False
Suppose 2*c + 7*i - 4*i - 54 = 0, 2*c + 2*i = 54. Suppose 10*g + 1105 = c*g. Is g composite?
True
Is 131585 + ((-700)/160 - 9/(-24)) a prime number?
True
Let c be 1/7 - 170/14. Let k = 12 + c. Is (-3 - k) + 0 + (2077 - 1) prime?
False
Let o(q) = 37*q**3 - 2*q**2 + 20*q - 87. Is o(14) a composite number?
True
Is 3/4 + ((-4554)/330)/((-4)/18745) a composite number?
True
Suppose -7 = -6*k + 17. Suppose 8*b - 4*b - 5*o = 701, 0 = k*o + 20. Is b a composite number?
True
Let h(r) = 3*r**3 + r**2 + 5*r - 6. Let z be h(1). Suppose -z*b - 54 = -3*k, -4*k - 136 = 5*b - 19. Is (-2534)/b*(3*2)/2 prime?
False
Let h be (1 - -1) + 13/((-169)/26). Suppose -t = -h*t + 3*u - 6812, 5*u - 34030 = -5*t. Is t prime?
True
Suppose 3*t - 3*c - 2*c - 18 = 0, -4*t + 2*c = -24. Suppose 5*i - 21 = 4*a, -i + t*a = 5*a - 4. Suppose 0 = i*q - 6703 + 1833. Is q a composite number?
True
Suppose -w + c + 2 = 0, -33 = -5*w - 4*c + 4. Suppose a = 3*t + 12, -a + w*t + 2 = -8. Is 2/(-5) + (3 - (-6246)/a) prime?
True
Let a(t) = -t**2 - t. Let n(p) = -6*p**2 + 3*p + 18. Let j(d) = 5*a(d) - n(d). Let i be j(10). Is (2 - i) + 1 - 3 - -537 composite?
True
Let y(q) = -13*q**3 - q**2 - 3*q - 2. Let h(v) = 14*v**3 + 4*v + 3. Let d(r) = 2*h(r) + 3*y(r). Let u be d(-1). Suppose 6*o + 357 = u*o. Is o composite?
True
Let m = 7248 - 18. Suppose m = 5*w - 980. Is w a prime number?
False
Let o(r) = -4*r**2 - 71*r + 49. Let u be o(-18). Let j(m) = 61*m - 2. Is j(u) composite?
False
Suppose 2*l - 18 = -5*k, -3*l - 3 = 3*k - 21. Suppose 6*a - 2*h = 3*a + 35973, -23992 = -k*a - 2*h. Is a prime?
False
Suppose 0 = s - 6*s - j + 18, -2*s - 3 = -3*j. Suppose -6*i = -2*i - s*b + 1, 0 = 3*i - 2*b. Is 20/(-25)*-5*3/i prime?
False
Let t(w) = 2391*w + 1623. Is t(14) a composite number?
True
Let n be (0 - (-10)/(-4))*(-2 - 0). Suppose n = -8*o + 29. Suppose 0 = f - o, q - 5*f - 1930 = -10*f. Is q a composite number?
True
Suppose 6*r + 11*r - 48690 = 45779. Is r a composite number?
False
Let a(i) = 218*i**2 + 706*i - 29. Is a(40) composite?
False
Let b = 18 - -22. Suppose 5*g + 0*o - b = 4*o, -o + 15 = 5*g. Suppose g*c - 650 = 2*c - 4*z, -1580 = -5*c + 5*z. Is c a composite number?
True
Let y be 72146/(-3)*63/(-6). Suppose -34*p = -343203 - y. Is p a prime number?
False
Suppose -32*p + 26*p = 90. Is (-919926)/p - -2 - (-33)/55 prime?
True
Let o = -42 - -57. Let a = o - 12. Suppose a*k = -0*k + 2019. Is k a prime number?
True
Let l(a) = -a + 1. Let f(i) = -33*i**2 - 7*i - 2. Let x(j) = -f(j) + 5*l(j). Let o(r) = -r**2 - 10*r + 333. Let p be o(-24). Is x(p) a prime number?
False
Let u = 57 + 573. Suppose 0 = u*z - 632*z + 186. Is z a prime number?
False
Let m(a) = a**3 + 22*a**2 + 4*a + 11. Let n(q) = q**3 + q**2 + 1. Let k(o) = m(o) - 3*n(o). Suppose -421*v = -422*v - 7. Is k(v) prime?
True
Let y(a) = -84*a + 32. Let u be y(8). Suppose 0 = -5*n + 5*h + 4980, -5*h + 2*h + 1987 = 2*n. Let i = n + u. Is i a prime number?
False
Let s(k) = 4*k + 10. Let j be s(0). Suppose 0 = -j*p + 3482 + 6908. Is p prime?
True
Suppose 5*q + 5*v = 0, 2*q + 5*v = q. Let g = -698 - -377. Is (q - 3) + (-2)/2 - g prime?
True
Let a(d) = -1894*d**3 + 25*d**2 + 152*d - 20. Is a(-9) prime?
False
Suppose 20*p - 568732 = -4*c + 25*p, 3*c - 3*p - 426549 = 0. Is c prime?
True
Let q(y) = 221*y + 196. Suppose -4*d + 44 = -24. Is q(d) a prime number?
False
Suppose 3*s - 5 = -y + s, -2*y - 3*s = -5. Let b(h) be the second derivative of -17*h**5/20 + 5*h**4/12 - h**3/2 - 11*h**2 - 4*h. Is b(y) a prime number?
True
Let o = -12349 + 41472. Suppose o = 21*c - 25603. Is c composite?
True
Let h(c) = -189*c + 2909. Is h(10) a composite number?
False
Let i(n) = 2*n**3 + 21*n**2 - 4*n - 182. Is i(36) a composite number?
True
Let p = -155 - -173. Is (-12)/p - (-534003)/9 composite?
False
Let o = -32145 - -239006. Is o prime?
False
Let n(s) = s**3 - 10*s**2 - 12*s + 15. Let j be n(11). Suppose 2796 - 9108 = -j*u - 4*r, 3163 = 2*u - 5*r. Is u a prime number?
True
Let b = 285 + -285. Suppose b = 3*x - 3*y - 65883, -115979 = -5*x + 3*y - 6178. Is x prime?
False
Let p(w) be the second derivative of -w**5/10 - 19*w**4/12 + 7*w**3 + 4*w**2 + 22*w + 2. Is p(-17) prime?
False
Suppose 19*l = -816948 + 2646287. Is l a prime number?
True
Let a be (-4564)/(-38) - (-6)/(-57). Let k = 125 - a. Suppose 3*b - 4*b = 3*l - 373, 0 = -k*b + 5*l + 1905. Is b prime?
True
Is (-5)/(-25) + (-19)/(190/(-212108)) composite?
False
Let k be 93/33 + 36/198. Suppose -k*o = -27984 - 20169. Is o a composite number?
True
Is 24/(-28) + 81196/28 prime?
False
Suppose -409 = -4*i + 8483. Suppose 11*v - 4*v - 21 = 0. Suppose -v*y + 4*d = -2219, 7*y - 4*y - 3*d = i. Is y composite?
True
Let f(s) = 4221*s**2 + 170*s - 550. Is f(3) a prime number?
False
Suppose -53 = 5*i - 118. Suppose -3*o - i = -1. Is 7 - 51/6 - 2362/o a prime number?
False
Suppose 932860 = 4*m + 4*n - 0*n, 3*n + 466430 = 2*m. Is m a composite number?
True
Let i(q) = 204303*q - 1763. Is i(2) a prime number?
False
Let k(s) = s**3 + 5*s**2 + 4*s + 4. Let y be k(-4). Suppose -4*g + 9*g = y*t - 4031, 5*t = -g + 5046. Is t composite?
False
Let f(u) = u**2 - 24*u + 4. Let n be f(0). Suppose 0 = 2*k - 4*s - 31338, -n*s = -4*k + s + 62664. Is k a prime number?
True
Suppose -p + 12 = 5*u, 3*u = 7*u - 5*p - 27. Suppose -4*d + 4*y + 2296 = -1696, 2*d - 1981 = -u*y. Is d a composite number?
True
Let g be (-296)/(-72) - 1/9. Supp